{"id":11,"date":"2023-03-04T18:56:48","date_gmt":"2023-03-04T17:56:48","guid":{"rendered":"https:\/\/raphaellekinesio.wordpress.com\/?page_id=11"},"modified":"2025-02-27T19:07:07","modified_gmt":"2025-02-27T18:07:07","slug":"accueil","status":"publish","type":"page","link":"https:\/\/raphaellemeyer.fr\/","title":{"rendered":"Accueil"},"content":{"rendered":"<div class=\"wp-block-image is-style-rounded\">\n<figure class=\"aligncenter size-large is-resized\"><img decoding=\"async\" src=\"https:\/\/raphaellekinesio.files.wordpress.com\/2023\/03\/mains.jpg?w=1024\" alt=\"\" class=\"wp-image-213\" style=\"width:182px;height:143px\"\/><\/figure>\n<\/div>\n\n\n<blockquote class=\"wp-block-quote is-layout-flow wp-block-quote-is-layout-flow\">\n<p class=\"has-text-align-center\"><strong><mark style=\"background-color:rgba(0, 0, 0, 0);color:#288bc5\" class=\"has-inline-color\">\u00c0 votre rythme et en douceur, acc\u00e9dez \u00e0 vos ressources int\u00e9rieures, d\u00e9ployez vos ailes et devenez qui vous \u00eates.<\/mark><\/strong><\/p>\n<\/blockquote>\n\n\n\n<div style=\"height:18px\" aria-hidden=\"true\" class=\"wp-block-spacer\"><\/div>\n\n\n\n<p class=\"has-text-align-justify\">Un grand merci \u00e0 toutes celles et ceux qui m\u2019ont fait confiance tout au long de ma formation. Me voil\u00e0 d\u00e9sormais kin\u00e9siologue certifi\u00e9e depuis septembre 2023, et Bretonne depuis peu.<\/p>\n\n\n\n<p class=\"has-text-align-justify\">Je fais une pause le temps de finaliser mon emm\u00e9nagement. Pour les Is\u00e9rois(e)s qui auraient souhait\u00e9 prendre rdv, je peux vous recommander <a href=\"http:\/\/raphaellemeyer.fr\/index.php\/recommandations\/\">quelques praticiennes de confiance<\/a>.<\/p>\n\n\n\n<p class=\"has-text-align-justify\">La <a href=\"https:\/\/raphaellemeyer.fr\/index.php\/kinesiologie\/\">kin\u00e9siologie<\/a> est une m\u00e9thode d\u2019accompagnement douce qui s\u2019int\u00e9resse au <strong>bien-\u00eatre<\/strong> global de la personne : <strong>corporel<\/strong>, <strong>mental<\/strong>, <strong>\u00e9motionnel<\/strong> et <strong>\u00e9nerg\u00e9tique<\/strong>. Elle permet, gr\u00e2ce au \u00ab&nbsp;test musculaire&nbsp;\u00bb, d\u2019identifier et de corriger les d\u00e9s\u00e9quilibres et les stress inconscients m\u00e9moris\u00e9s par le corps.<\/p>\n\n\n\n<p class=\"has-text-align-center\">&nbsp;<\/p>\n\n\n\n<div class=\"wp-block-buttons is-content-justification-center is-layout-flex wp-container-core-buttons-is-layout-16018d1d wp-block-buttons-is-layout-flex\">\n<div class=\"wp-block-button\"><a class=\"wp-block-button__link has-background wp-element-button\" href=\"http:\/\/raphaellemeyer.fr\/index.php\/contact-rdv\/\" style=\"background-color:#1071aa\">Prendre RDV<\/a><\/div>\n<\/div>\n\n\n\n<p><\/p>\n","protected":false},"excerpt":{"rendered":"<p>\u00c0 votre rythme et en douceur, acc\u00e9dez \u00e0 vos ressources int\u00e9rieures, d\u00e9ployez vos ailes et devenez qui vous \u00eates. Un grand merci \u00e0 toutes celles et ceux qui m\u2019ont fait confiance tout au long de ma formation. Me voil\u00e0 d\u00e9sormais<\/p>\n","protected":false},"author":1,"featured_media":0,"parent":0,"menu_order":0,"comment_status":"closed","ping_status":"closed","template":"","meta":{"footnotes":""},"class_list":["post-11","page","type-page","status-publish","hentry"],"yoast_head":"<!-- This site is optimized with the Yoast SEO plugin v20.4 - https:\/\/yoast.com\/wordpress\/plugins\/seo\/ -->\n<title>Rapha\u00eblle Meyer - Kin\u00e9siologie<\/title>\n<meta name=\"description\" content=\"\u00c0 votre rythme et en douceur, acc\u00e9dez \u00e0 vos ressources int\u00e9rieures, d\u00e9ployez vos ailes et devenez qui vous \u00eates.\" \/>\n<meta name=\"robots\" content=\"index, follow, max-snippet:-1, max-image-preview:large, max-video-preview:-1\" \/>\n<link rel=\"canonical\" href=\"https:\/\/raphaellemeyer.fr\/\" \/>\n<meta property=\"og:locale\" content=\"en_US\" \/>\n<meta property=\"og:type\" content=\"article\" \/>\n<meta property=\"og:title\" content=\"Rapha\u00eblle Meyer - Kin\u00e9siologie\" \/>\n<meta property=\"og:description\" content=\"\u00c0 votre rythme et en douceur, acc\u00e9dez \u00e0 vos ressources int\u00e9rieures, d\u00e9ployez vos ailes et devenez qui vous \u00eates.\" \/>\n<meta property=\"og:url\" content=\"https:\/\/raphaellemeyer.fr\/\" \/>\n<meta property=\"og:site_name\" content=\"Rapha\u00eblle Meyer\" \/>\n<meta property=\"article:publisher\" content=\"https:\/\/www.facebook.com\/profile.php?id=100090734982670\" \/>\n<meta property=\"article:modified_time\" content=\"2025-02-27T18:07:07+00:00\" \/>\n<meta property=\"og:image\" content=\"https:\/\/raphaellekinesio.files.wordpress.com\/2023\/03\/mains.jpg?w=1024\" \/>\n<meta name=\"twitter:card\" content=\"summary_large_image\" \/>\n<meta name=\"twitter:label1\" content=\"Est. reading time\" \/>\n\t<meta name=\"twitter:data1\" content=\"1 minute\" \/>\n<script type=\"application\/ld+json\" class=\"yoast-schema-graph\">{\"@context\":\"https:\/\/schema.org\",\"@graph\":[{\"@type\":\"WebPage\",\"@id\":\"https:\/\/raphaellemeyer.fr\/\",\"url\":\"https:\/\/raphaellemeyer.fr\/\",\"name\":\"Rapha\u00eblle Meyer - Kin\u00e9siologie\",\"isPartOf\":{\"@id\":\"https:\/\/raphaellemeyer.fr\/#website\"},\"datePublished\":\"2023-03-04T17:56:48+00:00\",\"dateModified\":\"2025-02-27T18:07:07+00:00\",\"description\":\"\u00c0 votre rythme et en douceur, acc\u00e9dez \u00e0 vos ressources int\u00e9rieures, d\u00e9ployez vos ailes et devenez qui vous \u00eates.\",\"breadcrumb\":{\"@id\":\"https:\/\/raphaellemeyer.fr\/#breadcrumb\"},\"inLanguage\":\"en-US\",\"potentialAction\":[{\"@type\":\"ReadAction\",\"target\":[\"https:\/\/raphaellemeyer.fr\/\"]}]},{\"@type\":\"BreadcrumbList\",\"@id\":\"https:\/\/raphaellemeyer.fr\/#breadcrumb\",\"itemListElement\":[{\"@type\":\"ListItem\",\"position\":1,\"name\":\"Accueil\",\"item\":\"https:\/\/raphaellemeyer.fr\/\"},{\"@type\":\"ListItem\",\"position\":2,\"name\":\"Accueil\"}]},{\"@type\":\"WebSite\",\"@id\":\"https:\/\/raphaellemeyer.fr\/#website\",\"url\":\"https:\/\/raphaellemeyer.fr\/\",\"name\":\"Rapha\u00eblle Meyer - Kin\u00e9siologie - Bernin\",\"description\":\"Kin\u00e9siologie\",\"publisher\":{\"@id\":\"https:\/\/raphaellemeyer.fr\/#\/schema\/person\/4b0c81b81942108829849c105e4c7cb6\"},\"potentialAction\":[{\"@type\":\"SearchAction\",\"target\":{\"@type\":\"EntryPoint\",\"urlTemplate\":\"https:\/\/raphaellemeyer.fr\/?s={search_term_string}\"},\"query-input\":\"required name=search_term_string\"}],\"inLanguage\":\"en-US\"},{\"@type\":[\"Person\",\"Organization\"],\"@id\":\"https:\/\/raphaellemeyer.fr\/#\/schema\/person\/4b0c81b81942108829849c105e4c7cb6\",\"name\":\"Raphaelle\",\"image\":{\"@type\":\"ImageObject\",\"inLanguage\":\"en-US\",\"@id\":\"https:\/\/raphaellemeyer.fr\/#\/schema\/person\/image\/\",\"url\":\"https:\/\/raphaellemeyer.fr\/wp-content\/uploads\/2023\/03\/logo.png\",\"contentUrl\":\"https:\/\/raphaellemeyer.fr\/wp-content\/uploads\/2023\/03\/logo.png\",\"width\":100,\"height\":96,\"caption\":\"Raphaelle\"},\"logo\":{\"@id\":\"https:\/\/raphaellemeyer.fr\/#\/schema\/person\/image\/\"},\"sameAs\":[\"http:\/\/raphaellemeyer.fr\",\"https:\/\/www.facebook.com\/profile.php?id=100090734982670\"]}]}<\/script>\n<!-- \/ Yoast SEO plugin. -->","yoast_head_json":{"title":"Rapha\u00eblle Meyer - Kin\u00e9siologie","description":"\u00c0 votre rythme et en douceur, acc\u00e9dez \u00e0 vos ressources int\u00e9rieures, d\u00e9ployez vos ailes et devenez qui vous \u00eates.","robots":{"index":"index","follow":"follow","max-snippet":"max-snippet:-1","max-image-preview":"max-image-preview:large","max-video-preview":"max-video-preview:-1"},"canonical":"https:\/\/raphaellemeyer.fr\/","og_locale":"en_US","og_type":"article","og_title":"Rapha\u00eblle Meyer - Kin\u00e9siologie","og_description":"\u00c0 votre rythme et en douceur, acc\u00e9dez \u00e0 vos ressources int\u00e9rieures, d\u00e9ployez vos ailes et devenez qui vous \u00eates.","og_url":"https:\/\/raphaellemeyer.fr\/","og_site_name":"Rapha\u00eblle Meyer","article_publisher":"https:\/\/www.facebook.com\/profile.php?id=100090734982670","article_modified_time":"2025-02-27T18:07:07+00:00","og_image":[{"url":"https:\/\/raphaellekinesio.files.wordpress.com\/2023\/03\/mains.jpg?w=1024"}],"twitter_card":"summary_large_image","twitter_misc":{"Est. reading time":"1 minute"},"schema":{"@context":"https:\/\/schema.org","@graph":[{"@type":"WebPage","@id":"https:\/\/raphaellemeyer.fr\/","url":"https:\/\/raphaellemeyer.fr\/","name":"Rapha\u00eblle Meyer - Kin\u00e9siologie","isPartOf":{"@id":"https:\/\/raphaellemeyer.fr\/#website"},"datePublished":"2023-03-04T17:56:48+00:00","dateModified":"2025-02-27T18:07:07+00:00","description":"\u00c0 votre rythme et en douceur, acc\u00e9dez \u00e0 vos ressources int\u00e9rieures, d\u00e9ployez vos ailes et devenez qui vous \u00eates.","breadcrumb":{"@id":"https:\/\/raphaellemeyer.fr\/#breadcrumb"},"inLanguage":"en-US","potentialAction":[{"@type":"ReadAction","target":["https:\/\/raphaellemeyer.fr\/"]}]},{"@type":"BreadcrumbList","@id":"https:\/\/raphaellemeyer.fr\/#breadcrumb","itemListElement":[{"@type":"ListItem","position":1,"name":"Accueil","item":"https:\/\/raphaellemeyer.fr\/"},{"@type":"ListItem","position":2,"name":"Accueil"}]},{"@type":"WebSite","@id":"https:\/\/raphaellemeyer.fr\/#website","url":"https:\/\/raphaellemeyer.fr\/","name":"Rapha\u00eblle Meyer - Kin\u00e9siologie - Bernin","description":"Kin\u00e9siologie","publisher":{"@id":"https:\/\/raphaellemeyer.fr\/#\/schema\/person\/4b0c81b81942108829849c105e4c7cb6"},"potentialAction":[{"@type":"SearchAction","target":{"@type":"EntryPoint","urlTemplate":"https:\/\/raphaellemeyer.fr\/?s={search_term_string}"},"query-input":"required name=search_term_string"}],"inLanguage":"en-US"},{"@type":["Person","Organization"],"@id":"https:\/\/raphaellemeyer.fr\/#\/schema\/person\/4b0c81b81942108829849c105e4c7cb6","name":"Raphaelle","image":{"@type":"ImageObject","inLanguage":"en-US","@id":"https:\/\/raphaellemeyer.fr\/#\/schema\/person\/image\/","url":"https:\/\/raphaellemeyer.fr\/wp-content\/uploads\/2023\/03\/logo.png","contentUrl":"https:\/\/raphaellemeyer.fr\/wp-content\/uploads\/2023\/03\/logo.png","width":100,"height":96,"caption":"Raphaelle"},"logo":{"@id":"https:\/\/raphaellemeyer.fr\/#\/schema\/person\/image\/"},"sameAs":["http:\/\/raphaellemeyer.fr","https:\/\/www.facebook.com\/profile.php?id=100090734982670"]}]}},"_links":{"self":[{"href":"https:\/\/raphaellemeyer.fr\/index.php\/wp-json\/wp\/v2\/pages\/11","targetHints":{"allow":["GET"]}}],"collection":[{"href":"https:\/\/raphaellemeyer.fr\/index.php\/wp-json\/wp\/v2\/pages"}],"about":[{"href":"https:\/\/raphaellemeyer.fr\/index.php\/wp-json\/wp\/v2\/types\/page"}],"author":[{"embeddable":true,"href":"https:\/\/raphaellemeyer.fr\/index.php\/wp-json\/wp\/v2\/users\/1"}],"replies":[{"embeddable":true,"href":"https:\/\/raphaellemeyer.fr\/index.php\/wp-json\/wp\/v2\/comments?post=11"}],"version-history":[{"count":24,"href":"https:\/\/raphaellemeyer.fr\/index.php\/wp-json\/wp\/v2\/pages\/11\/revisions"}],"predecessor-version":[{"id":530,"href":"https:\/\/raphaellemeyer.fr\/index.php\/wp-json\/wp\/v2\/pages\/11\/revisions\/530"}],"wp:attachment":[{"href":"https:\/\/raphaellemeyer.fr\/index.php\/wp-json\/wp\/v2\/media?parent=11"}],"curies":[{"name":"wp","href":"https:\/\/api.w.org\/{rel}","templated":true}]}}