{"id":23,"date":"2023-03-04T19:00:29","date_gmt":"2023-03-04T18:00:29","guid":{"rendered":"https:\/\/raphaellekinesio.wordpress.com\/?page_id=23"},"modified":"2023-09-21T19:23:28","modified_gmt":"2023-09-21T17:23:28","slug":"qui-suis-je","status":"publish","type":"page","link":"https:\/\/raphaellemeyer.fr\/index.php\/qui-suis-je\/","title":{"rendered":"Qui suis-je ?"},"content":{"rendered":"<div class=\"wp-block-image is-style-rounded\">\n<figure class=\"aligncenter size-large is-resized\"><img decoding=\"async\" src=\"https:\/\/raphaellekinesio.files.wordpress.com\/2023\/03\/profil-edited.jpg\" alt=\"\" class=\"wp-image-95\" style=\"width:156px\" width=\"156\"\/><\/figure>\n<\/div>\n\n\n<div style=\"height:4px\" aria-hidden=\"true\" class=\"wp-block-spacer\"><\/div>\n\n\n\n<p class=\"has-text-align-justify\">Je m\u2019appelle <strong>Rapha\u00eblle<\/strong>. Hypersensible, cr\u00e9ative et passionn\u00e9e de danse, mon parcours de vie a d\u2019abord \u00e9t\u00e9 plut\u00f4t intellectuel, avant de revenir dans le <strong>coeur<\/strong>.<\/p>\n\n\n\n<p class=\"has-text-align-justify\">J\u2019ai d\u2019abord exerc\u00e9 le m\u00e9tier d\u2019<strong>ing\u00e9nieur<\/strong> en informatique pendant 11 ans. Port\u00e9e au d\u00e9part par le c\u00f4t\u00e9 ludique et cr\u00e9atif du m\u00e9tier et la composante \u00ab&nbsp;<strong>sant\u00e9<\/strong>&nbsp;\u00bb de mes premi\u00e8res missions, j\u2019ai fini par me sentir en perte de sens et d\u00e9pass\u00e9e par certaines difficult\u00e9s personnelles resurgissant dans la sph\u00e8re professionnelle, jusqu\u2019au burn-out. Cela m\u2019a pouss\u00e9e \u00e0 intensifier le travail sur moi d\u00e9marr\u00e9 quelques ann\u00e9es auparavant, notamment en <strong>psychoth\u00e9rapie<\/strong> <strong>psychocorporelle<\/strong> et <strong>m\u00e9ditation<\/strong>. J\u2019y ai appris \u00e0 sentir et accueillir mes <strong>\u00e9motions<\/strong>, \u00e0 l\u00e2cher le mental, \u00e0 prendre <strong>conscience<\/strong> de mes m\u00e9canismes de d\u00e9fense, et j\u2019y ai exp\u00e9riment\u00e9 le centrage dans le <strong>coeur<\/strong>, la posture de l\u2019<strong>observateur<\/strong> et diverses pratiques m\u00e9ditatives.<\/p>\n\n\n\n<p class=\"has-text-align-justify\">C\u2019est apr\u00e8s avoir b\u00e9n\u00e9fici\u00e9 de s\u00e9ances de <strong><a href=\"https:\/\/raphaellemeyer.fr\/index.php\/kinesiologie\/\">kin\u00e9siologie<\/a><\/strong>, qui sont venues compl\u00e9ter le travail int\u00e9rieur r\u00e9alis\u00e9 pr\u00e9c\u00e9demment et me donner un <strong>nouvel \u00e9lan<\/strong>, que j\u2019ai d\u00e9cid\u00e9 de me former moi-m\u00eame \u00e0 la kin\u00e9siologie.<\/p>\n\n\n\n<p class=\"has-text-align-justify\">J\u2019ai \u00e0 c\u0153ur de <strong>contribuer au monde \u00e0 ma fa\u00e7on<\/strong> en <strong>retransmettant \u00e0 mon tour ce que j\u2019ai re\u00e7u<\/strong>.<\/p>\n\n\n\n<p class=\"has-text-align-justify\">Kin\u00e9siologue certifi\u00e9e en septembre 2023 par l&#8217;\u00e9cole <a href=\"https:\/\/auranesis-kinesiologie.fr\">Auranesis<\/a>, je vous re\u00e7ois jusqu&#8217;\u00e0 fin d\u00e9cembre \u00e0 Bernin pour des <a href=\"https:\/\/raphaellemeyer.fr\/index.php\/contact-rdv\/\">s\u00e9ances<\/a> en don libre, avant de d\u00e9m\u00e9nager en Bretagne et y ouvrir mon cabinet.<\/p>\n\n\n\n<div style=\"height:57px\" aria-hidden=\"true\" class=\"wp-block-spacer\"><\/div>\n\n\n\n<hr class=\"wp-block-separator aligncenter has-alpha-channel-opacity is-style-wide\"\/>\n\n\n\n<blockquote class=\"wp-block-quote has-text-align-center is-layout-flow wp-block-quote-is-layout-flow\">\n<p>\u00ab&nbsp;Regarde en toi.<br>Il te faut reprendre ta place dans le cycle de la vie.<br>N\u2019oublie pas qui tu es.&nbsp;\u00bb&nbsp;&nbsp;<\/p>\n<cite><em>Mufasa, Le Roi Lion<\/em><\/cite><\/blockquote>\n\n\n\n<hr class=\"wp-block-separator has-alpha-channel-opacity is-style-wide\"\/>\n","protected":false},"excerpt":{"rendered":"<p>Je m\u2019appelle Rapha\u00eblle. Hypersensible, cr\u00e9ative et passionn\u00e9e de danse, mon parcours de vie a d\u2019abord \u00e9t\u00e9 plut\u00f4t intellectuel, avant de revenir dans le coeur. J\u2019ai d\u2019abord exerc\u00e9 le m\u00e9tier d\u2019ing\u00e9nieur en informatique pendant 11 ans. Port\u00e9e au d\u00e9part par le<\/p>\n","protected":false},"author":1,"featured_media":0,"parent":0,"menu_order":0,"comment_status":"closed","ping_status":"closed","template":"","meta":{"footnotes":""},"class_list":["post-23","page","type-page","status-publish","hentry"],"yoast_head":"<!-- This site is optimized with the Yoast SEO plugin v20.4 - https:\/\/yoast.com\/wordpress\/plugins\/seo\/ -->\n<title>Qui suis-je ? - Rapha\u00eblle Meyer<\/title>\n<meta name=\"description\" content=\"J\u2019ai \u00e0 c\u0153ur de contribuer au monde \u00e0 ma fa\u00e7on en retransmettant \u00e0 mon tour ce que j\u2019ai re\u00e7u.\" \/>\n<meta name=\"robots\" content=\"index, follow, max-snippet:-1, max-image-preview:large, max-video-preview:-1\" \/>\n<link rel=\"canonical\" href=\"https:\/\/raphaellemeyer.fr\/index.php\/qui-suis-je\/\" \/>\n<meta property=\"og:locale\" content=\"en_US\" \/>\n<meta property=\"og:type\" content=\"article\" \/>\n<meta property=\"og:title\" content=\"Qui suis-je ? - Rapha\u00eblle Meyer\" \/>\n<meta property=\"og:description\" content=\"J\u2019ai \u00e0 c\u0153ur de contribuer au monde \u00e0 ma fa\u00e7on en retransmettant \u00e0 mon tour ce que j\u2019ai re\u00e7u.\" \/>\n<meta property=\"og:url\" content=\"https:\/\/raphaellemeyer.fr\/index.php\/qui-suis-je\/\" \/>\n<meta property=\"og:site_name\" content=\"Rapha\u00eblle Meyer\" \/>\n<meta property=\"article:publisher\" content=\"https:\/\/www.facebook.com\/profile.php?id=100090734982670\" \/>\n<meta property=\"article:modified_time\" content=\"2023-09-21T17:23:28+00:00\" \/>\n<meta property=\"og:image\" content=\"https:\/\/raphaellekinesio.files.wordpress.com\/2023\/03\/profil-edited.jpg\" \/>\n<meta name=\"twitter:card\" content=\"summary_large_image\" \/>\n<meta name=\"twitter:label1\" content=\"Est. reading time\" \/>\n\t<meta name=\"twitter:data1\" content=\"2 minutes\" \/>\n<script type=\"application\/ld+json\" class=\"yoast-schema-graph\">{\"@context\":\"https:\/\/schema.org\",\"@graph\":[{\"@type\":\"WebPage\",\"@id\":\"https:\/\/raphaellemeyer.fr\/index.php\/qui-suis-je\/\",\"url\":\"https:\/\/raphaellemeyer.fr\/index.php\/qui-suis-je\/\",\"name\":\"Qui suis-je ? - Rapha\u00eblle Meyer\",\"isPartOf\":{\"@id\":\"https:\/\/raphaellemeyer.fr\/#website\"},\"datePublished\":\"2023-03-04T18:00:29+00:00\",\"dateModified\":\"2023-09-21T17:23:28+00:00\",\"description\":\"J\u2019ai \u00e0 c\u0153ur de contribuer au monde \u00e0 ma fa\u00e7on en retransmettant \u00e0 mon tour ce que j\u2019ai re\u00e7u.\",\"breadcrumb\":{\"@id\":\"https:\/\/raphaellemeyer.fr\/index.php\/qui-suis-je\/#breadcrumb\"},\"inLanguage\":\"en-US\",\"potentialAction\":[{\"@type\":\"ReadAction\",\"target\":[\"https:\/\/raphaellemeyer.fr\/index.php\/qui-suis-je\/\"]}]},{\"@type\":\"BreadcrumbList\",\"@id\":\"https:\/\/raphaellemeyer.fr\/index.php\/qui-suis-je\/#breadcrumb\",\"itemListElement\":[{\"@type\":\"ListItem\",\"position\":1,\"name\":\"Accueil\",\"item\":\"https:\/\/raphaellemeyer.fr\/\"},{\"@type\":\"ListItem\",\"position\":2,\"name\":\"Qui suis-je ?\"}]},{\"@type\":\"WebSite\",\"@id\":\"https:\/\/raphaellemeyer.fr\/#website\",\"url\":\"https:\/\/raphaellemeyer.fr\/\",\"name\":\"Rapha\u00eblle Meyer - Kin\u00e9siologie - Bernin\",\"description\":\"Kin\u00e9siologie\",\"publisher\":{\"@id\":\"https:\/\/raphaellemeyer.fr\/#\/schema\/person\/4b0c81b81942108829849c105e4c7cb6\"},\"potentialAction\":[{\"@type\":\"SearchAction\",\"target\":{\"@type\":\"EntryPoint\",\"urlTemplate\":\"https:\/\/raphaellemeyer.fr\/?s={search_term_string}\"},\"query-input\":\"required name=search_term_string\"}],\"inLanguage\":\"en-US\"},{\"@type\":[\"Person\",\"Organization\"],\"@id\":\"https:\/\/raphaellemeyer.fr\/#\/schema\/person\/4b0c81b81942108829849c105e4c7cb6\",\"name\":\"Raphaelle\",\"image\":{\"@type\":\"ImageObject\",\"inLanguage\":\"en-US\",\"@id\":\"https:\/\/raphaellemeyer.fr\/#\/schema\/person\/image\/\",\"url\":\"https:\/\/raphaellemeyer.fr\/wp-content\/uploads\/2023\/03\/logo.png\",\"contentUrl\":\"https:\/\/raphaellemeyer.fr\/wp-content\/uploads\/2023\/03\/logo.png\",\"width\":100,\"height\":96,\"caption\":\"Raphaelle\"},\"logo\":{\"@id\":\"https:\/\/raphaellemeyer.fr\/#\/schema\/person\/image\/\"},\"sameAs\":[\"http:\/\/raphaellemeyer.fr\",\"https:\/\/www.facebook.com\/profile.php?id=100090734982670\"]}]}<\/script>\n<!-- \/ Yoast SEO plugin. -->","yoast_head_json":{"title":"Qui suis-je ? - Rapha\u00eblle Meyer","description":"J\u2019ai \u00e0 c\u0153ur de contribuer au monde \u00e0 ma fa\u00e7on en retransmettant \u00e0 mon tour ce que j\u2019ai re\u00e7u.","robots":{"index":"index","follow":"follow","max-snippet":"max-snippet:-1","max-image-preview":"max-image-preview:large","max-video-preview":"max-video-preview:-1"},"canonical":"https:\/\/raphaellemeyer.fr\/index.php\/qui-suis-je\/","og_locale":"en_US","og_type":"article","og_title":"Qui suis-je ? - Rapha\u00eblle Meyer","og_description":"J\u2019ai \u00e0 c\u0153ur de contribuer au monde \u00e0 ma fa\u00e7on en retransmettant \u00e0 mon tour ce que j\u2019ai re\u00e7u.","og_url":"https:\/\/raphaellemeyer.fr\/index.php\/qui-suis-je\/","og_site_name":"Rapha\u00eblle Meyer","article_publisher":"https:\/\/www.facebook.com\/profile.php?id=100090734982670","article_modified_time":"2023-09-21T17:23:28+00:00","og_image":[{"url":"https:\/\/raphaellekinesio.files.wordpress.com\/2023\/03\/profil-edited.jpg"}],"twitter_card":"summary_large_image","twitter_misc":{"Est. reading time":"2 minutes"},"schema":{"@context":"https:\/\/schema.org","@graph":[{"@type":"WebPage","@id":"https:\/\/raphaellemeyer.fr\/index.php\/qui-suis-je\/","url":"https:\/\/raphaellemeyer.fr\/index.php\/qui-suis-je\/","name":"Qui suis-je ? - Rapha\u00eblle Meyer","isPartOf":{"@id":"https:\/\/raphaellemeyer.fr\/#website"},"datePublished":"2023-03-04T18:00:29+00:00","dateModified":"2023-09-21T17:23:28+00:00","description":"J\u2019ai \u00e0 c\u0153ur de contribuer au monde \u00e0 ma fa\u00e7on en retransmettant \u00e0 mon tour ce que j\u2019ai re\u00e7u.","breadcrumb":{"@id":"https:\/\/raphaellemeyer.fr\/index.php\/qui-suis-je\/#breadcrumb"},"inLanguage":"en-US","potentialAction":[{"@type":"ReadAction","target":["https:\/\/raphaellemeyer.fr\/index.php\/qui-suis-je\/"]}]},{"@type":"BreadcrumbList","@id":"https:\/\/raphaellemeyer.fr\/index.php\/qui-suis-je\/#breadcrumb","itemListElement":[{"@type":"ListItem","position":1,"name":"Accueil","item":"https:\/\/raphaellemeyer.fr\/"},{"@type":"ListItem","position":2,"name":"Qui suis-je ?"}]},{"@type":"WebSite","@id":"https:\/\/raphaellemeyer.fr\/#website","url":"https:\/\/raphaellemeyer.fr\/","name":"Rapha\u00eblle Meyer - Kin\u00e9siologie - Bernin","description":"Kin\u00e9siologie","publisher":{"@id":"https:\/\/raphaellemeyer.fr\/#\/schema\/person\/4b0c81b81942108829849c105e4c7cb6"},"potentialAction":[{"@type":"SearchAction","target":{"@type":"EntryPoint","urlTemplate":"https:\/\/raphaellemeyer.fr\/?s={search_term_string}"},"query-input":"required name=search_term_string"}],"inLanguage":"en-US"},{"@type":["Person","Organization"],"@id":"https:\/\/raphaellemeyer.fr\/#\/schema\/person\/4b0c81b81942108829849c105e4c7cb6","name":"Raphaelle","image":{"@type":"ImageObject","inLanguage":"en-US","@id":"https:\/\/raphaellemeyer.fr\/#\/schema\/person\/image\/","url":"https:\/\/raphaellemeyer.fr\/wp-content\/uploads\/2023\/03\/logo.png","contentUrl":"https:\/\/raphaellemeyer.fr\/wp-content\/uploads\/2023\/03\/logo.png","width":100,"height":96,"caption":"Raphaelle"},"logo":{"@id":"https:\/\/raphaellemeyer.fr\/#\/schema\/person\/image\/"},"sameAs":["http:\/\/raphaellemeyer.fr","https:\/\/www.facebook.com\/profile.php?id=100090734982670"]}]}},"_links":{"self":[{"href":"https:\/\/raphaellemeyer.fr\/index.php\/wp-json\/wp\/v2\/pages\/23","targetHints":{"allow":["GET"]}}],"collection":[{"href":"https:\/\/raphaellemeyer.fr\/index.php\/wp-json\/wp\/v2\/pages"}],"about":[{"href":"https:\/\/raphaellemeyer.fr\/index.php\/wp-json\/wp\/v2\/types\/page"}],"author":[{"embeddable":true,"href":"https:\/\/raphaellemeyer.fr\/index.php\/wp-json\/wp\/v2\/users\/1"}],"replies":[{"embeddable":true,"href":"https:\/\/raphaellemeyer.fr\/index.php\/wp-json\/wp\/v2\/comments?post=23"}],"version-history":[{"count":15,"href":"https:\/\/raphaellemeyer.fr\/index.php\/wp-json\/wp\/v2\/pages\/23\/revisions"}],"predecessor-version":[{"id":468,"href":"https:\/\/raphaellemeyer.fr\/index.php\/wp-json\/wp\/v2\/pages\/23\/revisions\/468"}],"wp:attachment":[{"href":"https:\/\/raphaellemeyer.fr\/index.php\/wp-json\/wp\/v2\/media?parent=23"}],"curies":[{"name":"wp","href":"https:\/\/api.w.org\/{rel}","templated":true}]}}